ided by 23246?
94
What is the remainder when 6064 is divided by 1208?
24
What is the remainder when 575614 is divided by 1282?
1278
Calculate the remainder when 18084 is divided by 3614.
14
Calculate the remainder when 12803 is divided by 203.
14
Calculate the remainder when 1797940 is divided by 85616.
4
Calculate the remainder when 1931855 is divided by 275977.
16
Calculate the remainder when 216372 is divided by 270.
102
Calculate the remainder when 3672 is divided by 602.
60
What is the remainder when 92314 is divided by 407?
332
Calculate the remainder when 465 is divided by 256.
209
What is the remainder when 42543 is divided by 665?
648
What is the remainder when 6028 is divided by 391?
163
Calculate the remainder when 3516 is divided by 244.
100
What is the remainder when 91 is divided by 70?
21
What is the remainder when 5536 is divided by 592?
208
What is the remainder when 483 is divided by 172?
139
What is the remainder when 41140 is divided by 11?
0
What is the remainder when 8922 is divided by 142?
118
What is the remainder when 4657 is divided by 2309?
39
What is the remainder when 5613 is divided by 622?
15
What is the remainder when 175446 is divided by 182?
180
Calculate the remainder when 53592 is divided by 13.
6
Calculate the remainder when 39560 is divided by 7.
3
What is the remainder when 3565 is divided by 977?
634
What is the remainder when 2308 is divided by 185?
88
Calculate the remainder when 251 is divided by 212.
39
What is the remainder when 35220 is divided by 186?
66
Calculate the remainder when 13901 is divided by 4562.
215
Calculate the remainder when 17215 is divided by 492.
487
Calculate the remainder when 198169 is divided by 37.
34
Calculate the remainder when 80498 is divided by 161.
159
What is the remainder when 261833 is divided by 453?
452
Calculate the remainder when 41574 is divided by 104.
78
What is the remainder when 159043 is divided by 257?
217
Calculate the remainder when 19976 is divided by 4994.
0
Calculate the remainder when 42430 is divided by 252.
94
What is the remainder when 13929 is divided by 480?
9
Calculate the remainder when 275865 is divided by 8113.
23
Calculate the remainder when 197106 is divided by 512.
498
Calculate the remainder when 19902 is divided by 30.
12
What is the remainder when 100578 is divided by 149?
3
Calculate the remainder when 106 is divided by 86.
20
Calculate the remainder when 14615 is divided by 14604.
11
What is the remainder when 29365 is divided by 89?
84
Calculate the remainder when 11078 is divided by 132.
122
What is the remainder when 4363 is divided by 1079?
47
Calculate the remainder when 15959 is divided by 76.
75
What is the remainder when 2702 is divided by 663?
50
What is the remainder when 6669 is divided by 6607?
62
What is the remainder when 44297 is divided by 39?
32
What is the remainder when 2074 is divided by 1479?
595
Calculate the remainder when 31959 is divided by 23.
12
Calculate the remainder when 8332 is divided by 83.
32
Calculate the remainder when 2889 is divided by 2878.
11
What is the remainder when 112125 is divided by 64?
61
Calculate the remainder when 2648 is divided by 246.
188
What is the remainder when 17023 is divided by 258?
253
Calculate the remainder when 5092 is divided by 212.
4
What is the remainder when 841303 is divided by 1021?
1020
What is the remainder when 974 is divided by 158?
26
Calculate the remainder when 4597 is divided by 591.
460
What is the remainder when 22871 is divided by 3266?
9
Calculate the remainder when 8681 is divided by 453.
74
Calculate the remainder when 31354 is divided by 1743.
1723
Calculate the remainder when 24546 is divided by 34.
32
What is the remainder when 239 is divided by 164?
75
What is the remainder when 845 is divided by 5?
0
Calculate the remainder when 89857 is divided by 29942.
31
Calculate the remainder when 13948 is divided by 38.
2
What is the remainder when 1739 is divided by 625?
489
What is the remainder when 3211 is divided by 213?
16
What is the remainder when 105028 is divided by 633?
583
Calculate the remainder when 14255 is divided by 16.
15
Calculate the remainder when 16932 is divided by 677.
7
Calculate the remainder when 5256 is divided by 872.
24
What is the remainder when 34483 is divided by 55?
53
What is the remainder when 37404 is divided by 37374?
30
Calculate the remainder when 6664 is divided by 836.
812
Calculate the remainder when 142622 is divided by 1927.
24
Calculate the remainder when 4325 is divided by 359.
17
Calculate the remainder when 312865 is divided by 91.
7
Calculate the remainder when 116114 is divided by 1037.
1007
Calculate the remainder when 3010 is divided by 2525.
485
What is the remainder when 759245 is divided by 2?
1
What is the remainder when 200510 is divided by 282?
8
Calculate the remainder when 1096 is divided by 91.
4
What is the remainder when 30249 is divided by 2016?
9
Calculate the remainder when 37178 is divided by 81.
80
What is the remainder when 242811 is divided by 566?
563
What is the remainder when 97189 is divided by 511?
99
What is the remainder when 130543 is divided by 5439?
7
What is the remainder when 14272 is divided by 31?
12
What is the remainder when 3403 is divided by 57?
40
What is the remainder when 745712 is divided by 179?
177
What is the remainder when 335749 is divided by 10?
9
Calculate the remainder when 79833 is divided by 6140.
13
What is the remainder when 1950 is divided by 305?
120
Calculate the remainder when 1432 is divided by 605.
222
Calculate the remainder when 462 is divided by 152.
6
What is the remainder when 16521 is divided by 11?
10
What is the remainder when 1316 is divided by 447?
422
Calculate the remainder when 1750 is divided by 761.
228
Calculate the remainder when 1697 is divided by 27.
23
What is the remainder when 19914 is divided by 2215?
2194
Calculate the remainder when 16647 is divided by 16644.
3
Calculate the remainder when 6720 is divided by 955.
35
What is the remainder when 2080 is divided by 499?
84
Calculate the remainder when 3888 is divided by 227.
29
Calculate the remainder when 39606 is divided by 1592.
1398
What is the remainder when 19140 is divided by 6376?
12
Calculate the remainder when 19946 is divided by 643.
13
What is the remainder when 613201 is divided by 38325?
1
Calculate the remainder when 1135 is divided by 80.
15
Calculate the remainder when 8212 is divided by 4099.
14
What is the remainder when 103800 is divided by 128?
120
What is the remainder when 2141 is divided by 38?
13
What is the remainder when 5506982 is divided by 203?
201
Calculate the remainder when 4892938 is divided by 26.
24
What is the remainder when 954037 is divided by 1037?
1034
What is the remainder when 7872 is divided by 3925?
22
Calculate the remainder when 5047 is divided by 984.
127
What is the remainder when 679721 is divided by 7080?
41
Calculate the remainder when 5061 is divided by 28.
21
What is the remainder when 258822 is divided by 28?
18
Calculate the remainder when 178627 is divided by 560.
547
Calculate the remainder when 14797 is divided by 17.
7
Calculate the remainder when 9241 is divided by 30.
1
What is the remainder when 18804 is divided by 235?
4
Calculate the remainder when 8690 is divided by 496.
258
What is the remainder when 26987238 is divided by 70?
68
Calculate the remainder when 31356 is divided by 10.
6
What is the remainder when 6700 is divided by 2227?
19
What is the remainder when 956 is divided by 82?
54
Calculate the remainder when 1291 is divided by 52.
43
What is the remainder when 403652 is divided by 1115?
22
What is the remainder when 98014 is divided by 19599?
19
What is the remainder when 1323 is divided by 21?
0
What is the remainder when 9369 is divided by 585?
9
Calculate the remainder when 6272 is divided by 1059.
977
Calculate the remainder when 17561 is divided by 125.
61
Calculate the remainder when 59036 is divided by 45.
41
What is the remainder when 35829 is divided by 101?
75
Calculate the remainder when 46791 is divided by 22.
19
What is the remainder when 163849 is divided by 32?
9
What is the remainder when 4183 is divided by 1391?
10
Calculate the remainder when 282308 is divided by 36.
32
What 